{"id":1974,"date":"2016-02-10T13:53:13","date_gmt":"2016-02-10T12:53:13","guid":{"rendered":"http:\/\/www.subcms.it\/nuovo_sito_subcms\/?page_id=1974"},"modified":"2019-10-11T20:12:33","modified_gmt":"2019-10-11T18:12:33","slug":"orari-allenamento-piscina","status":"publish","type":"page","link":"https:\/\/www.subcms.it\/nuovo_sito_subcms\/orari-allenamento-piscina\/","title":{"rendered":"Orari allenamento piscina"},"content":{"rendered":"<p><a href=\"https:\/\/i0.wp.com\/www.subcms.it\/nuovo_sito_subcms\/wp-content\/uploads\/piscina-comunale-Monfalcone.jpg\" rel=\"attachment wp-att-1367\"><img data-attachment-id=\"1367\" data-permalink=\"https:\/\/www.subcms.it\/nuovo_sito_subcms\/2014\/12\/02\/orario-attivita-piscina-monfalcone\/piscina-comunale-monfalcone\/\" data-orig-file=\"https:\/\/i0.wp.com\/www.subcms.it\/nuovo_sito_subcms\/wp-content\/uploads\/piscina-comunale-Monfalcone.jpg?fit=368%2C244&amp;ssl=1\" data-orig-size=\"368,244\" data-comments-opened=\"1\" data-image-meta=\"{&quot;aperture&quot;:&quot;0&quot;,&quot;credit&quot;:&quot;&quot;,&quot;camera&quot;:&quot;&quot;,&quot;caption&quot;:&quot;&quot;,&quot;created_timestamp&quot;:&quot;0&quot;,&quot;copyright&quot;:&quot;&quot;,&quot;focal_length&quot;:&quot;0&quot;,&quot;iso&quot;:&quot;0&quot;,&quot;shutter_speed&quot;:&quot;0&quot;,&quot;title&quot;:&quot;&quot;,&quot;orientation&quot;:&quot;0&quot;}\" data-image-title=\"piscina-comunale-Monfalcone\" data-image-description=\"\" data-image-caption=\"\" data-medium-file=\"https:\/\/i0.wp.com\/www.subcms.it\/nuovo_sito_subcms\/wp-content\/uploads\/piscina-comunale-Monfalcone.jpg?fit=300%2C198&amp;ssl=1\" data-large-file=\"https:\/\/i0.wp.com\/www.subcms.it\/nuovo_sito_subcms\/wp-content\/uploads\/piscina-comunale-Monfalcone.jpg?fit=368%2C244&amp;ssl=1\" decoding=\"async\" loading=\"lazy\" class=\"alignright size-medium wp-image-1367\" src=\"https:\/\/i0.wp.com\/www.subcms.it\/nuovo_sito_subcms\/wp-content\/uploads\/piscina-comunale-Monfalcone-300x198.jpg?resize=300%2C198\" alt=\"piscina-comunale-Monfalcone\" width=\"300\" height=\"198\" srcset=\"https:\/\/i0.wp.com\/www.subcms.it\/nuovo_sito_subcms\/wp-content\/uploads\/piscina-comunale-Monfalcone.jpg?resize=300%2C198&amp;ssl=1 300w, https:\/\/i0.wp.com\/www.subcms.it\/nuovo_sito_subcms\/wp-content\/uploads\/piscina-comunale-Monfalcone.jpg?w=368&amp;ssl=1 368w\" sizes=\"(max-width: 300px) 100vw, 300px\" data-recalc-dims=\"1\" \/><\/a><\/p>\n<p>Il Centro Monfalconese Sommozzatori mette a disposizione dei <strong>soci<\/strong> due corsie per gli allenamenti a corpo libero, quindi <strong>nuoto o apnea dinamica\/statica<\/strong>. Non \u00e8 previsto l&#8217;uso delle <strong>bombole<\/strong>.<\/p>\n<p>Le giornate sono:<\/p>\n<p><strong>Luned\u00ec dalle ore 20.00 alle 21.00<\/strong><\/p>\n<p><strong>Gioved\u00ec dalle ore 20.00 alle 21.00<\/strong><\/p>\n<p>La <strong><a href=\"http:\/\/www.monfalconepiscine.com\/\" target=\"_blank\" rel=\"noopener noreferrer\">Piscina Comunale di Monfalcone (GO)<\/a><\/strong>, si trova in Via Capitello del Cristo N.8.<\/p>\n<p>Per info e contatti info@subcms.it<\/p>\n","protected":false},"excerpt":{"rendered":"<p>Il Centro Monfalconese Sommozzatori mette a disposizione dei soci due corsie per gli allenamenti a corpo libero, quindi nuoto o apnea dinamica\/statica. Non \u00e8 previsto l&#8217;uso delle bombole. Le giornate sono: Luned\u00ec dalle ore 20.00 alle 21.00 Gioved\u00ec dalle ore 20.00 alle 21.00 La Piscina Comunale di Monfalcone (GO), si trova in Via Capitello del Cristo N.8. Per info e contatti info@subcms.it<\/p>\n","protected":false},"author":1,"featured_media":0,"parent":0,"menu_order":0,"comment_status":"closed","ping_status":"closed","template":"","meta":{"_s2mail":"","ngg_post_thumbnail":0,"jetpack_post_was_ever_published":false},"acf":[],"yoast_head":"<!-- This site is optimized with the Yoast SEO plugin v20.7 - https:\/\/yoast.com\/wordpress\/plugins\/seo\/ -->\n<title>Orari allenamento piscina - Centro Monfalconese Sommozzatori (C.M.S)<\/title>\n<meta name=\"robots\" content=\"index, follow, max-snippet:-1, max-image-preview:large, max-video-preview:-1\" \/>\n<link rel=\"canonical\" href=\"https:\/\/www.subcms.it\/nuovo_sito_subcms\/orari-allenamento-piscina\/\" \/>\n<meta property=\"og:locale\" content=\"it_IT\" \/>\n<meta property=\"og:type\" content=\"article\" \/>\n<meta property=\"og:title\" content=\"Orari allenamento piscina - Centro Monfalconese Sommozzatori (C.M.S)\" \/>\n<meta property=\"og:description\" content=\"Il Centro Monfalconese Sommozzatori mette a disposizione dei soci due corsie per gli allenamenti a corpo libero, quindi nuoto o apnea dinamica\/statica. Non \u00e8 previsto l&#8217;uso delle bombole. Le giornate sono: Luned\u00ec dalle ore 20.00 alle 21.00 Gioved\u00ec dalle ore 20.00 alle 21.00 La Piscina Comunale di Monfalcone (GO), si trova in Via Capitello del Cristo N.8. Per info e contatti info@subcms.it\" \/>\n<meta property=\"og:url\" content=\"https:\/\/www.subcms.it\/nuovo_sito_subcms\/orari-allenamento-piscina\/\" \/>\n<meta property=\"og:site_name\" content=\"Centro Monfalconese Sommozzatori (C.M.S)\" \/>\n<meta property=\"article:modified_time\" content=\"2019-10-11T18:12:33+00:00\" \/>\n<meta property=\"og:image\" content=\"http:\/\/www.subcms.it\/nuovo_sito_subcms\/wp-content\/uploads\/piscina-comunale-Monfalcone-300x198.jpg\" \/>\n<script type=\"application\/ld+json\" class=\"yoast-schema-graph\">{\"@context\":\"https:\/\/schema.org\",\"@graph\":[{\"@type\":\"WebPage\",\"@id\":\"https:\/\/www.subcms.it\/nuovo_sito_subcms\/orari-allenamento-piscina\/\",\"url\":\"https:\/\/www.subcms.it\/nuovo_sito_subcms\/orari-allenamento-piscina\/\",\"name\":\"Orari allenamento piscina - Centro Monfalconese Sommozzatori (C.M.S)\",\"isPartOf\":{\"@id\":\"https:\/\/www.subcms.it\/nuovo_sito_subcms\/#website\"},\"datePublished\":\"2016-02-10T12:53:13+00:00\",\"dateModified\":\"2019-10-11T18:12:33+00:00\",\"breadcrumb\":{\"@id\":\"https:\/\/www.subcms.it\/nuovo_sito_subcms\/orari-allenamento-piscina\/#breadcrumb\"},\"inLanguage\":\"it-IT\",\"potentialAction\":[{\"@type\":\"ReadAction\",\"target\":[\"https:\/\/www.subcms.it\/nuovo_sito_subcms\/orari-allenamento-piscina\/\"]}]},{\"@type\":\"BreadcrumbList\",\"@id\":\"https:\/\/www.subcms.it\/nuovo_sito_subcms\/orari-allenamento-piscina\/#breadcrumb\",\"itemListElement\":[{\"@type\":\"ListItem\",\"position\":1,\"name\":\"Home\",\"item\":\"https:\/\/www.subcms.it\/nuovo_sito_subcms\/\"},{\"@type\":\"ListItem\",\"position\":2,\"name\":\"Orari allenamento piscina\"}]},{\"@type\":\"WebSite\",\"@id\":\"https:\/\/www.subcms.it\/nuovo_sito_subcms\/#website\",\"url\":\"https:\/\/www.subcms.it\/nuovo_sito_subcms\/\",\"name\":\"Centro Monfalconese Sommozzatori (C.M.S)\",\"description\":\"- Corsi subacquea, apnea e mono pinna\",\"potentialAction\":[{\"@type\":\"SearchAction\",\"target\":{\"@type\":\"EntryPoint\",\"urlTemplate\":\"https:\/\/www.subcms.it\/nuovo_sito_subcms\/?s={search_term_string}\"},\"query-input\":\"required name=search_term_string\"}],\"inLanguage\":\"it-IT\"}]}<\/script>\n<!-- \/ Yoast SEO plugin. -->","yoast_head_json":{"title":"Orari allenamento piscina - Centro Monfalconese Sommozzatori (C.M.S)","robots":{"index":"index","follow":"follow","max-snippet":"max-snippet:-1","max-image-preview":"max-image-preview:large","max-video-preview":"max-video-preview:-1"},"canonical":"https:\/\/www.subcms.it\/nuovo_sito_subcms\/orari-allenamento-piscina\/","og_locale":"it_IT","og_type":"article","og_title":"Orari allenamento piscina - Centro Monfalconese Sommozzatori (C.M.S)","og_description":"Il Centro Monfalconese Sommozzatori mette a disposizione dei soci due corsie per gli allenamenti a corpo libero, quindi nuoto o apnea dinamica\/statica. Non \u00e8 previsto l&#8217;uso delle bombole. Le giornate sono: Luned\u00ec dalle ore 20.00 alle 21.00 Gioved\u00ec dalle ore 20.00 alle 21.00 La Piscina Comunale di Monfalcone (GO), si trova in Via Capitello del Cristo N.8. Per info e contatti info@subcms.it","og_url":"https:\/\/www.subcms.it\/nuovo_sito_subcms\/orari-allenamento-piscina\/","og_site_name":"Centro Monfalconese Sommozzatori (C.M.S)","article_modified_time":"2019-10-11T18:12:33+00:00","og_image":[{"url":"http:\/\/www.subcms.it\/nuovo_sito_subcms\/wp-content\/uploads\/piscina-comunale-Monfalcone-300x198.jpg"}],"schema":{"@context":"https:\/\/schema.org","@graph":[{"@type":"WebPage","@id":"https:\/\/www.subcms.it\/nuovo_sito_subcms\/orari-allenamento-piscina\/","url":"https:\/\/www.subcms.it\/nuovo_sito_subcms\/orari-allenamento-piscina\/","name":"Orari allenamento piscina - Centro Monfalconese Sommozzatori (C.M.S)","isPartOf":{"@id":"https:\/\/www.subcms.it\/nuovo_sito_subcms\/#website"},"datePublished":"2016-02-10T12:53:13+00:00","dateModified":"2019-10-11T18:12:33+00:00","breadcrumb":{"@id":"https:\/\/www.subcms.it\/nuovo_sito_subcms\/orari-allenamento-piscina\/#breadcrumb"},"inLanguage":"it-IT","potentialAction":[{"@type":"ReadAction","target":["https:\/\/www.subcms.it\/nuovo_sito_subcms\/orari-allenamento-piscina\/"]}]},{"@type":"BreadcrumbList","@id":"https:\/\/www.subcms.it\/nuovo_sito_subcms\/orari-allenamento-piscina\/#breadcrumb","itemListElement":[{"@type":"ListItem","position":1,"name":"Home","item":"https:\/\/www.subcms.it\/nuovo_sito_subcms\/"},{"@type":"ListItem","position":2,"name":"Orari allenamento piscina"}]},{"@type":"WebSite","@id":"https:\/\/www.subcms.it\/nuovo_sito_subcms\/#website","url":"https:\/\/www.subcms.it\/nuovo_sito_subcms\/","name":"Centro Monfalconese Sommozzatori (C.M.S)","description":"- Corsi subacquea, apnea e mono pinna","potentialAction":[{"@type":"SearchAction","target":{"@type":"EntryPoint","urlTemplate":"https:\/\/www.subcms.it\/nuovo_sito_subcms\/?s={search_term_string}"},"query-input":"required name=search_term_string"}],"inLanguage":"it-IT"}]}},"jetpack_shortlink":"https:\/\/wp.me\/P4xsAT-vQ","jetpack_sharing_enabled":true,"jetpack_likes_enabled":true,"jetpack-related-posts":[{"id":1023,"url":"https:\/\/www.subcms.it\/nuovo_sito_subcms\/corsi-cms\/","url_meta":{"origin":1974,"position":0},"title":"Corsi CMS","date":"9 Maggio 2014","format":false,"excerpt":"Per i nostri corsi disponiamo di un'aula didattica (in Via Colleoni, 3 - 34074 Monfalcone GO) dove vengono svolte le lezioni di teoria. Questa sala viene usata anche per le assemblee aperte a tutti i soci. Le lezioni in bacino delimitato vengono effettuate presso la\u00a0Piscina Comunale di Monfalcone (GO), in\u2026","rel":"","context":"Articolo simile","img":{"alt_text":"","src":"https:\/\/i0.wp.com\/www.subcms.it\/nuovo_sito_subcms\/wp-content\/uploads\/DSCN1489_LQ-300x219.jpg?resize=350%2C200","width":350,"height":200},"classes":[]},{"id":988,"url":"https:\/\/www.subcms.it\/nuovo_sito_subcms\/privacy\/","url_meta":{"origin":1974,"position":1},"title":"Privacy","date":"4 Maggio 2014","format":false,"excerpt":"Privacy Policy di Centro Monfalconese Sommozzatori Questa Applicazione raccoglie alcuni Dati Personali dei propri Utenti. Titolare del Trattamento dei Dati Centro Monfalconese Sommozzatori, info@subcms.it Tipologie di Dati raccolti Fra i Dati Personali raccolti da questa Applicazione, in modo autonomo o tramite terze parti, ci sono: Cookie, Dati di utilizzo, Email,\u2026","rel":"","context":"Articolo simile","img":{"alt_text":"","src":"","width":0,"height":0},"classes":[]},{"id":1634,"url":"https:\/\/www.subcms.it\/nuovo_sito_subcms\/cookie-policy\/","url_meta":{"origin":1974,"position":2},"title":"Cookie Policy","date":"29 Maggio 2015","format":false,"excerpt":"Privacy Policy di www.subcms.it Questa Applicazione raccoglie alcuni Dati Personali dei propri Utenti. Titolare del Trattamento dei Dati Centro Monfalconese Sommozzatori, Via F.lli Zambon, 2 - 34079 Staranzano (GO - Italia), info@subcms.it Tipologie di Dati raccolti Fra i Dati Personali raccolti da questa Applicazione, in modo autonomo o tramite terze\u2026","rel":"","context":"Articolo simile","img":{"alt_text":"","src":"","width":0,"height":0},"classes":[]},{"id":51,"url":"https:\/\/www.subcms.it\/nuovo_sito_subcms\/staff\/","url_meta":{"origin":1974,"position":3},"title":"Staff","date":"16 Aprile 2014","format":false,"excerpt":"Il Direttivo del Centro Monfalconese Sommozzatori, come regolamentato dallo Statuto dell'Associazione, prevede diverse cariche, che fino al prossimo Maggio 2025\u00a0sono ricoperte dalle seguenti persone: Presidente: Caliari Marco Vice Presidente e segretario: Gerussi Fulvio\u00a0 Safeguarding: Roberto Pagliaro Tesoriere: Carozzo Michele Economo: Budicin Giovanni Consigliere: Torchiana Maurizio Di seguito elenchiamo tutti gli\u2026","rel":"","context":"Articolo simile","img":{"alt_text":"","src":"","width":0,"height":0},"classes":[]},{"id":12,"url":"https:\/\/www.subcms.it\/nuovo_sito_subcms\/contatti\/","url_meta":{"origin":1974,"position":4},"title":"Contatti","date":"13 Aprile 2014","format":false,"excerpt":"Contatti per maggiori informazioni e richieste. Via Colleoni, 3 - 34074 Monfalcone (GO) Info : 347.2544751 e-mail : info@subcms.it","rel":"","context":"Articolo simile","img":{"alt_text":"","src":"","width":0,"height":0},"classes":[]},{"id":953,"url":"https:\/\/www.subcms.it\/nuovo_sito_subcms\/chi-siamo-2\/","url_meta":{"origin":1974,"position":5},"title":"Chi siamo","date":"3 Maggio 2014","format":false,"excerpt":"Il Centro Monfalconese Sommozzatori (C.M.S.) \u00e8 un\u2019associazione no-profit fondata nel 1994 da un gruppo di appassionati subacquei con l\u2019intenzione di trasmettere e divulgare le proprie conoscenze nell\u2019ambito della didattica subacquea, proponendo corsi di apnea e di immersione con autorespiratore ad aria (bombole). La nostra attivit\u00e0 principale \u00e8 quella didattica e\u2026","rel":"","context":"Articolo simile","img":{"alt_text":"","src":"https:\/\/i0.wp.com\/www.subcms.it\/nuovo_sito_subcms\/wp-content\/uploads\/foto-cris-2006-048-300x225.jpg?resize=350%2C200","width":350,"height":200},"classes":[]}],"_links":{"self":[{"href":"https:\/\/www.subcms.it\/nuovo_sito_subcms\/wp-json\/wp\/v2\/pages\/1974"}],"collection":[{"href":"https:\/\/www.subcms.it\/nuovo_sito_subcms\/wp-json\/wp\/v2\/pages"}],"about":[{"href":"https:\/\/www.subcms.it\/nuovo_sito_subcms\/wp-json\/wp\/v2\/types\/page"}],"author":[{"embeddable":true,"href":"https:\/\/www.subcms.it\/nuovo_sito_subcms\/wp-json\/wp\/v2\/users\/1"}],"replies":[{"embeddable":true,"href":"https:\/\/www.subcms.it\/nuovo_sito_subcms\/wp-json\/wp\/v2\/comments?post=1974"}],"version-history":[{"count":5,"href":"https:\/\/www.subcms.it\/nuovo_sito_subcms\/wp-json\/wp\/v2\/pages\/1974\/revisions"}],"predecessor-version":[{"id":3203,"href":"https:\/\/www.subcms.it\/nuovo_sito_subcms\/wp-json\/wp\/v2\/pages\/1974\/revisions\/3203"}],"wp:attachment":[{"href":"https:\/\/www.subcms.it\/nuovo_sito_subcms\/wp-json\/wp\/v2\/media?parent=1974"}],"curies":[{"name":"wp","href":"https:\/\/api.w.org\/{rel}","templated":true}]}}